(r) = r**3 - 11*r**2 + 11*r - 13. Let s be j(15). Suppose z = -2*o - 723, o = z - 0*z + 720. Let u = s + z. Is u prime?
True
Let n(v) = 1265*v - 61. Let d be n(6). Suppose -6*l + 45299 = d. Is l composite?
True
Suppose -3*i - 26*c = -21*c - 5, 3*i = -3*c - 3. Let u(s) = 40*s**2 + 13*s - 42. Is u(i) a composite number?
True
Let u(r) = 135*r**2 - 38*r - 108. Let c(w) = -45*w**2 + 13*w + 37. Let b(s) = 11*c(s) + 4*u(s). Is b(10) a composite number?
True
Let k = 30021 + -20910. Is k composite?
True
Suppose 17*t - 100 = -15. Suppose -t*n - c + 5364 = -10183, 3*c - 12442 = -4*n. Is n prime?
True
Let m = 767205 + -475442. Is m prime?
False
Let a(z) = 3*z - 4*z**3 - 3 - 2*z**3 + z**3 - 3*z**2 + 2*z**2. Let n be a(-4). Suppose -j = -4*r + 46 + 535, j = -2*r + n. Is r composite?
True
Let v = -18 + -2. Let d be (0 + 4065/v)/(3/12). Let a = d + 1142. Is a composite?
True
Suppose -6*b + 20 = -b. Let l be 7 - (-1 + 13)/b. Suppose 8*u - l*u - 1172 = 0. Is u composite?
False
Let h(p) be the third derivative of 9*p**5/10 - 5*p**4/4 + 149*p**3/6 + 2*p**2 - 28*p. Is h(8) a composite number?
True
Suppose 4*o = -2*q + 12848 + 477028, -5*o - 244952 = -q. Is q prime?
False
Let g(z) = -5811*z + 2273. Is g(-6) prime?
True
Let o(c) = 9797*c**2 - 6*c + 6. Let h be o(2). Suppose 12066 = 16*l - h. Is l a prime number?
True
Let w(b) = 3*b**3 + b**2 - 9*b + 5. Let g(l) = 4*l**2 + 37*l + 15. Let s be g(-9). Is w(s) a prime number?
False
Suppose 5*h + x - 51709 = -14386, -h - 2*x + 7461 = 0. Suppose -5*f - h = -5*k, -2977 = -2*k + f - 2*f. Suppose -52*o = -47*o - k. Is o a prime number?
False
Let w be (-8)/(-3)*21*4/56. Suppose 6 = 2*c, -105 + 4832 = w*p + c. Is p composite?
False
Let h = -6711 - -4648. Let q = 746 - h. Is q composite?
True
Suppose -31*v = -12*v - 4202249. Is v a composite number?
False
Suppose 0 = 4*w, 4*j - 14 = 2*j - 2*w. Suppose 0 = -3*x + t + 16, -4*t + 4 = 3*x - j. Suppose -x*l = -5*k - 2875, -3*l + 3*k + 1717 = 4*k. Is l a prime number?
False
Suppose 0 = -11*h - 5047102 + 15265497. Is h a composite number?
True
Suppose 3*p = -172*q + 168*q + 235213, 2*q + 4*p = 117614. Is q composite?
True
Let p(q) = 5*q + 5. Let b be p(0). Let r(o) = 9*o**2 + 23*o - 3. Is r(b) a prime number?
True
Let t(k) = -3*k**2 + k - 1. Let w be t(0). Let b(g) = 25848*g**2 - 6*g - 7. Is b(w) a prime number?
True
Let l = 92154 + 42208. Is l a prime number?
False
Let o(x) = 3154*x + 17529. Is o(146) a prime number?
False
Let j(m) = m**3 - 35*m**2 + 65*m + 36. Let g be j(33). Suppose -g*y + 3023 = -1606. Is y a composite number?
False
Let l(d) = -2*d**2 + 28*d - 30. Let s be l(13). Is (-16518)/(-15) - s/60*-3 prime?
False
Let h(y) = 157*y - 1. Let b be h(2). Let k(f) = 2*f**2 + 48*f + 4. Let a be k(-19). Let d = a + b. Is d a prime number?
True
Suppose -224 = -13*c + 88. Let q(k) = -k**3 + 30*k**2 + 5*k + 35. Is q(c) a composite number?
True
Let v(a) = 2*a**2 + 8*a + 13. Let s(l) = -l**2 - l. Let d(p) = -4*s(p) + v(p). Suppose -2*c + 12 = -3*c. Is d(c) a prime number?
True
Let x(t) = -15*t - 1. Let n(m) = 14*m + 1. Let r(g) = -6*n(g) - 5*x(g). Let i be r(0). Is 2 + 0 + -3 + i + 213 prime?
True
Suppose 0 = 3*b + 3*r + 51, -b + 2*r = -3*r + 5. Let q = b + 21. Suppose 1775 + 1903 = q*i. Is i prime?
True
Suppose -4*m - 1353308 = -3382464. Is m a composite number?
False
Let s = 1474 - 3655. Let i(t) = -2*t**2 + 64*t + 144. Let w be i(34). Is ((-5)/5)/(2/w) - s prime?
False
Let m = 15375 - -15256. Is m prime?
True
Suppose -10*y = -5*y - 185. Let m = 39 - y. Suppose -5*r + 4774 = -a, 1913 = m*r + 3*a - 0*a. Is r prime?
False
Suppose 0 = -3*q + 5*y + 19896, 8*q - y + 13277 = 10*q. Is q a composite number?
False
Suppose -32*n + 4 = -33*n, -2156 = 3*s - 4*n. Suppose 0*p + p = -2*z - 3577, -3*z - 3*p = 5358. Let r = s - z. Is r a composite number?
True
Let r(c) = -c**2 + 6*c + 15. Let q be r(7). Suppose t = -4*f + q, 3*t + 6 = -f + 4*f. Suppose p - 1178 = -f*v - v, -4 = 4*p. Is v a prime number?
False
Let m = 14 - 10. Suppose m = 6*c + 4. Suppose -3*k = 4*b - 937, c*k + k = -5*b + 1174. Is b a composite number?
True
Let s be (-3 - 0) + 0 - -1. Let u be (3 + s)/((-6)/(-14562)). Suppose -5*x + u = -2*f, 0*x = -5*x - 4*f + 2421. Is x a prime number?
False
Suppose 96 = 20*k - 14*k. Suppose 2569 + 95303 = k*o. Is o composite?
True
Let r(f) = -f**3 + 82*f**2 - 76*f + 738. Is r(39) composite?
True
Is 217589 - (-112)/(-40)*-5 a prime number?
False
Let r(k) be the second derivative of -2*k**5/5 + 2*k**4/3 - 5*k**3/6 - k**2/2 - 3*k. Let m be r(-6). Suppose -10*z + 9*z + m = 0. Is z a prime number?
False
Suppose 58*o = 55*o + 16437. Suppose -351 = 8*w - o. Is w a prime number?
True
Let p(k) = 10*k + 187 - 20 + 23*k**2 + 11*k + 0*k - 7*k. Is p(24) prime?
True
Suppose 17*o - 8148 = 13*o. Suppose -11*h = -9*h, -3*n - h + o = 0. Is n a prime number?
False
Suppose -7*j = j + 40. Let n be 2/6 + (j - (-42252)/9). Suppose -10*u + n = 4*u. Is u composite?
True
Let w = -113 - -170. Let l = w - 54. Let u = 980 - l. Is u prime?
True
Let d = -21 + 406. Suppose 0 = -b - 71 + d. Suppose 3*g - b = g. Is g prime?
True
Let k(t) = -12*t + 760. Let y be k(62). Let p(x) be the first derivative of 8*x**3/3 - 29*x**2/2 + 39*x + 4. Is p(y) a prime number?
False
Let h(a) = a**3 - 5*a**2 - 8*a + 5. Let s be h(6). Let d be (-26)/(-91) - (-21226)/s. Is (d/20)/((-4)/10) a composite number?
False
Let m(s) = -231*s - 1042. Is m(-23) a prime number?
True
Suppose -6*t - 2*v = -3*t - 188, 4*t = 3*v + 228. Is (-16382)/4*(t + -62) prime?
True
Suppose 5*v = -2*x + 1434361, 136*v + 5*x = 137*v - 286883. Is v prime?
True
Let q be (-6)/15*(9 - (-4 - -3)). Let v be (-6)/q*(2 + (-8)/(-12)). Suppose -v*h = -2*h - 4*t - 510, -768 = -3*h + 3*t. Is h a prime number?
True
Let s = -115 + 103. Is ((-21)/s)/((-4)/(-1552)) prime?
False
Let l(o) = 70*o**2 + 299*o - 26. Is l(15) a prime number?
False
Suppose 265453 + 73341 = 122*g. Is g prime?
True
Let b be 4/14 + 1023/217. Let s(v) = -v**3 - 3*v**2 + 2*v - 5. Let y be s(-4). Suppose b*h - 1340 = -y*x, 0 = -3*x + 5*h + 1876 - 546. Is x prime?
False
Let y = -78 - -135. Let s = y + -56. Is 1899 - (-10)/(5/s) prime?
True
Suppose 0 = 102*c - 92*c + 20. Is (c - 2) + -1*(-2240 - -2) a prime number?
False
Let b be (-94)/235*(-1085)/2. Let i = b - 0. Is i prime?
False
Is (10 - 19/2)*341254 composite?
False
Let a(z) = -z**2 + 2*z - 3. Let s be a(3). Is ((-4861)/(-2))/((-3)/s) prime?
True
Is 24/(-20) - 753461/(-5) a prime number?
False
Suppose -5*j = -4*k - 178779, -2*j + 2*k + 71512 = -0*j. Is j prime?
False
Let c(x) = 1787*x + 2896. Is c(110) prime?
False
Let l be -2 - ((-5)/(-1))/(-10 + 9). Suppose -2*g + l*i + 4407 = -3173, -2*i = -4. Is g a prime number?
True
Let a(m) = -43*m - 341. Let s be a(-8). Suppose -s*n = -4*c - 6389 - 10152, -c - 11034 = -2*n. Is n a prime number?
True
Let l be 32/((-2 - -1)/((-4)/8)). Let w be (-4)/l + 3/12. Suppose 0*x + 5*x - 1895 = w. Is x a composite number?
False
Let h(f) = -f**3 + 6*f**2 + 2*f - 9. Let u be h(6). Suppose 0 = -5*d + 18 + 7, -4*g = u*d - 23107. Is g prime?
False
Suppose -2*j = n - 19045, 3*j - 6*j = -3*n + 57198. Is n a prime number?
False
Suppose -470*q - 54 = -476*q. Is 2/q*(-21)/14*-14277 a composite number?
False
Is -2 + (-36189)/27*-63 a prime number?
False
Suppose -4*k - 4 = 0, -5*g - 1335*k = -1332*k - 37532. Is g a composite number?
False
Let p be 28/(-6)*(-12)/8. Suppose 0 = p*f - 2642 + 8130. Let i = -279 - f. Is i prime?
False
Let m(o) = -o**3 + 6*o**2 - 5*o + 18. Let p(x) = 5*x**2 + 4*x - 3. Let s be p(1). Let d be m(s). Let b = d - -223. Is b prime?
True
Let n = -28 + 28. Suppose -4*g - 5808 = -3*v + g, -v + 2*g + 1937 = n. Is v a prime number?
True
Let v be (-1)/((-1)/4 + 807/3180). Let q be (-18)/(-27)*(-1 - 230). Let n = q - v. Is n a prime number?
False
Suppose 15*s = -6612 - 6963. Let h = 2614 + s. Is h composite?
False
Let r be (6 - 1) + (-1 - 9) + -4494. Is (-6)/(6/r)*1 a prime number?
False
Is 12/((-276)/(-2865455)) - 14 a composite number?
True
Let s(x) = 787*x**2 + 20*x + 8. Is s(-7) prime?
True
Let n = 5 - -4. Let j be (n - 9)/(-2 - -1). Suppose j = s - 103 - 438. Is s a composite number?
False
Suppose -2*o - 416 = -3*t, -3*t + 385 = 3*o - 41. Suppose t*i = 135*i + 2095. Is i prime?
True
Suppose 36*c + 25*c = 48*c + 10853453. Is c prim